et v(w) = 4*w**3 - 24*w**2 - 8*w - 11. Give v(6).
-59
Let m(b) = b**3 + 29*b**2 + 73*b - 136. What is m(-26)?
-6
Let k(i) = 29*i - 1442. Give k(43).
-195
Let r(k) = -2*k**3 + 9*k**2 - 5*k + 56. What is r(5)?
6
Let r(u) = -2*u**3 - 38*u**2 - 41*u - 45. What is r(-18)?
45
Let y(a) = 7*a**2 + 79*a - 22. Calculate y(-11).
-44
Let s(y) = y**3 + 21*y**2 - 65*y - 1001. Determine s(-22).
-55
Let t(r) = -2*r**2 + 18*r + 43. What is t(-5)?
-97
Let m(h) = -1218*h - 10953. Give m(-9).
9
Let n(x) = -x**3 + 97*x**2 + 16*x - 1564. What is n(97)?
-12
Let v(u) = 11*u**2 + 407*u + 1457. What is v(-4)?
5
Let y(w) = -32*w**2 - 1249*w - 47. Determine y(-39).
-8
Let y(q) = q**3 + 90*q**2 + 179*q + 257. What is y(-88)?
-7
Let o(m) = 393*m + 742. Calculate o(-2).
-44
Let u(q) = 5302*q - 37083. What is u(7)?
31
Let s(t) = 232*t + 25058. Give s(-108).
2
Let d(p) = p**3 - 4*p**2 - 4*p + 5. Determine d(4).
-11
Let g(l) = -2*l**2 - l + 32. Determine g(5).
-23
Let q(i) = -i**3 + 28*i**2 + 45*i - 1265. Give q(28).
-5
Let k(r) = -2*r**3 + 4*r**2 - 10*r + 114. Give k(5).
-86
Let u(x) = 2*x**2 + 172*x + 2635. Give u(-66).
-5
Let l(r) = 474*r - 3363. What is l(7)?
-45
Let t(c) = 3*c**3 + 40*c**2 + 3*c - 136. What is t(-13)?
-6
Let v(p) = p**2 + 507*p - 4101. Calculate v(8).
19
Let t(k) = -k**3 - 2*k**2 + 6*k + 8. Calculate t(-4).
16
Let g(m) = 364*m + 12757. Calculate g(-35).
17
Let h(f) = -f**3 + 98*f**2 + 96*f + 172. Give h(99).
-125
Let u(z) = -z**3 - 34*z**2 - 119*z + 54. Calculate u(-30).
24
Let j(v) = -14*v**3 + v**2 - 34*v - 107. Give j(-3).
382
Let b(a) = -2*a**3 + 19*a**2 + 34*a - 21. What is b(11)?
-10
Let s(g) = 2*g**2 + 67*g + 394. Determine s(-26).
4
Let r(y) = -4079*y - 16328. Give r(-4).
-12
Let z(d) = -3*d**3 - 16*d**2 - 36*d - 107. Determine z(-4).
-27
Let p(d) = -d**3 - 9*d**2 - 6*d - 27. Determine p(-8).
-43
Let y(u) = -5*u**3 - 2*u**2 - 2*u + 60. Give y(0).
60
Let v(q) = q**3 + 12*q**2 + 13*q + 171. Give v(-12).
15
Let v(t) = t**2 + 145*t - 404. Calculate v(3).
40
Let j(d) = d**3 - d**2 - 67*d + 289. Determine j(5).
54
Let p(u) = u**2 - 88*u + 1063. Give p(75).
88
Let q(p) = 5*p**3 + 5*p**2 - 2*p - 5. Calculate q(1).
3
Let b(h) = h**3 + 4*h**2 - 12*h - 41. Give b(-7).
-104
Let r(n) = n**3 - 26*n**2 + 13*n - 343. Give r(26).
-5
Let m(y) = -11*y**3 - 3*y**2 - 6*y - 7. Give m(-2).
81
Let i(o) = -14*o**2 + 2*o - 4. Give i(2).
-56
Let r(i) = -i**3 + 87*i**2 - 561*i + 90. Determine r(80).
10
Let q(w) = -47*w + 836. Calculate q(28).
-480
Let z(y) = 157*y - 2900. What is z(20)?
240
Let x(r) = -1387*r + 11102. Calculate x(8).
6
Let x(m) = 20*m**3 - 5*m**2 + 4*m - 7. What is x(-3)?
-604
Let n(l) = 15*l**3 + l**2 + 23*l + 35. Give n(4).
1103
Let v(p) = 13*p**2 + 12*p + 5. Give v(2).
81
Let b(k) = -5*k + 358. Give b(0).
358
Let y(l) = -10*l**2 - 8*l + 150. Give y(-4).
22
Let c(n) = -255*n + 7404. Determine c(29).
9
Let a(j) = -5005*j - 55045. Determine a(-11).
10
Let f(n) = n**2 - 34*n + 277. Give f(17).
-12
Let o(m) = 67*m**2 - 32*m - 43. What is o(-2)?
289
Let z(w) = 39*w + 542. Calculate z(-14).
-4
Let x(w) = 90*w**2 + 71*w + 14. Calculate x(-1).
33
Let v(w) = -217*w - 199. What is v(-1)?
18
Let p(g) = 7*g - 500. Calculate p(57).
-101
Let l(a) = 82*a + 1845. Give l(-23).
-41
Let r(u) = 4*u**2 + 102*u + 136. Calculate r(-24).
-8
Let n(s) = 54*s - 1186. Determine n(16).
-322
Let r(w) = -3238*w + 29108. Give r(9).
-34
Let p(f) = -f**3 + 10*f**2 + 20*f - 10. Give p(11).
89
Let m(j) = -162*j + 14. Determine m(-4).
662
Let n(h) = h**3 + 12*h**2 - 29*h - 87. Determine n(-11).
353
Let h(o) = 1705*o - 8532. Calculate h(5).
-7
Let c(s) = -1706*s - 30719. Give c(-18).
-11
Let m(t) = 20*t**2 + 18*t + 52. What is m(-3)?
178
Let t(k) = -3*k + 65. Give t(24).
-7
Let v(o) = o**2 + 22*o - 9. Give v(3).
66
Let c(o) = -o**3 - 61*o**2 + 2*o + 134. Give c(-61).
12
Let c(f) = -3*f**3 - 127*f**2 - 281*f - 34. Give c(-40).
6
Let x(n) = 78*n + 2380. Determine x(-30).
40
Let r(y) = -2*y**2 - 95*y - 87. Give r(-46).
51
Let f(m) = -m**3 - 6*m**2 + 81*m + 3. Determine f(0).
3
Let z(h) = -h**2 - 136*h + 1620. What is z(-147)?
3
Let p(c) = -356*c + 1112. Give p(3).
44
Let g(k) = 10*k**2 + 5*k - 12. What is g(3)?
93
Let d(i) = -4*i + 73. What is d(-6)?
97
Let l(o) = -8*o - 48. Calculate l(0).
-48
Let n(o) = 120*o + 1375. Calculate n(-10).
175
Let s(m) = -10*m - 463. Give s(-46).
-3
Let u(y) = -y**2 - 72*y + 1211. Calculate u(-86).
7
Let u(y) = 21*y**2 - 3803*y + 356. What is u(181)?
-6
Let i(b) = -2*b**2 + 113*b - 1478. Calculate i(36).
-2
Let c(d) = -5*d - 103. Calculate c(-26).
27
Let j(k) = -k**3 + 10*k**2 + 11*k - 108. Give j(10).
2
Let p(w) = -w**3 + 10*w**2 + 2*w - 14. What is p(5)?
121
Let n(z) = -10*z + 640. Give n(64).
0
Let p(m) = m**3 - 36*m**2 + 320*m + 56. What is p(19)?
-1
Let q(k) = -2*k**3 + 18*k**2 + 48*k - 35. Give q(11).
9
Let u(i) = -39*i + 94. What is u(-4)?
250
Let c(n) = -57*n**2 - 6*n + 18. What is c(2)?
-222
Let t(d) = d**3 + 8*d**2 + 190*d + 1231. Give t(-7).
-50
Let r(c) = 8*c**2 + 55*c + 8. Give r(-7).
15
Let h(l) = -l**3 + l**2 + 7*l - 3. Calculate h(-4).
49
Let x(c) = -12*c - 229. Determine x(-21).
23
Let y(f) = f**3 + 6*f**2 - 24*f - 147. Determine y(-5).
-2
Let i(a) = -a**3 + 11*a**2 - 8*a - 117. Calculate i(9).
-27
Let p(v) = 35*v - 481. Calculate p(12).
-61
Let j(q) = 2*q**3 + 43*q**2 + 27*q + 150. Give j(-21).
24
Let z(q) = -8*q**2 - 46*q - 198. Calculate z(-4).
-142
Let i(l) = 3*l + 181. Calculate i(-62).
-5
Let u(h) = -7*h**3 + 4*h**2 - 4*h + 1. Calculate u(2).
-47
Let q(n) = -4*n**2 - 4*n + 33. Determine q(0).
33
Let k(x) = 2*x**2 + 16*x + 43. Calculate k(-6).
19
Let c(p) = -p**2 - 250*p - 491. Give c(-2).
5
Let c(x) = -12*x - 41. What is c(-4)?
7
Let t(p) = p**3 - 59*p**2 - 225*p + 6277. Give t(61).
-6
Let j(k) = 210*k - 474. Give j(6).
786
Let g(c) = c**3 + 7*c**2 - 89*c - 84. Give g(-13).
59
Let x(q) = 133*q + 377. What is x(2)?
643
Let l(h) = -16*h - 69. Calculate l(1).
-85
Let a(u) = u**3 + 4*u**2 - 29*u + 47. Give a(3).
23
Let m(k) = -k**2 - 126*k - 2962. Give m(-96).
-82
Let x(y) = 3883*y - 73774. What is x(19)?
3
Let l(n) = -n**3 - 12*n**2 + 20*n + 364. What is l(-11)?
23
Let o(f) = -f**3 - 26*f**2 + 37*f + 229. Determine o(-27).
-41
Let d(r) = -r**3 + 31*r**2 - 57*r + 810. Calculate d(30).
0
Let p(z) = z**3 - 12*z**2 + 14*z - 5. Determine p(11).
28
Let z(y) = -y**2 + 78*y + 1118. What is z(-12)?
38
Let l(s) = -74*s**2 + 375*s + 2. Give l(5).
27
Let k(u) = -2*u**3 - 6*u**2 + 3*u - 11. Calculate k(-4).
9
Let i(a) = -123*a - 24347. Calculate i(-197).
-116
Let x(s) = 2*s**3 + 43*s**2 + 62*s + 46. Determine x(-20).
6
Let h(b) = -b**3 + 26*b**2 - 43*b - 124. What is h(24)?
-4
Let h(k) = -k**2 + 14*k - 14. What is h(11)?
19
Let m(l) = 13726*l + 27448. Calculate m(-2).
-4
Let l(p) = p**3 - 4*p**2 - 15*p - 39. Give l(6).
-57
Let n(o) = -101*o + 9091. Determine n(90).
1
Let y(j) = j**3 + 68*j**2 - 69*j - 125. Calculate y(-69).
-125
Let r(c) = 3*c**3 - 5*c**2 - 13*c - 13. Calculate r(-4).
-233
Let m(q) = -44*q - 228. What is m(-5)?
-8
Let r(g) = -g**3 - 14*g**2 + 86*g - 55. Calculate r(-19).
116
Let b(h) = -5*h - 310. What is b(-63)?
5
Let z(o) = -324*o + 17801. Calculate z(55).
-19
Let w(c) = -2*c**3 + 98*c**2 + 334*c - 1139. Calculate w(52).
5
Let i(s) = s**2 + 96*s - 394. Give i(-100).
6
Let c(x) = x**2 + 15*x - 52. Calculate c(-15).
-52
Let m(d) = 42*d + 474. What is m(-12)?
-30
Let d(l) = -2*l**2 + 127*l - 187. What is d(62)?
-1
Let h(a) = -a**3 - 33*a**2 - 230*a + 5. What is h(-10)?
5
Let a(m) = 31*m**2 - 658*m + 762. Determine a(20).
2
Let g(w) = w**3 - 60*w**2 + 754*w + 22. What is g(18)?
-14
Let w(c) = -c**3 + 23*c**2 - 66*c + 93. Calculate w(20).
-27
Let g(y) = -2*y**2 + 172*y - 1098. Give g(79).
8
Let r(z) = 3*z**3 - 143*z**2 - 46*z - 81. What is r(48)?
15
Let u(j) = -2*j**2 + 21*j + 155. Give u(16).
-21
Let c(v) = -v - 274. What is c(48)?
-322
Let z(n) = n**2 - 13*n - 184. Calculate z(21).
-16
Let u(q) = -q**3 - 39*q**2 + 550*q - 13. Determine u(11).
-13
Let q(f) = -f**3 + 13*f**2 + 51*f - 320. Give q(15).
-5
Let o(g) = g**3 - 11*g**2 - 31*g + 243. Calculate o(12).
15
Let s(g) = g**3 - 38*g**2 + 31*g + 139. Determine s(37).
-83
Let o(g) = -4*g**3 + 41*g**2 - 111*g. Determine o(3).
-72
Let r(j) = 5*j**2 + 28*j + 31. Give r(-4).
-1
Let l(o) = -o**2